{"id":699,"date":"2019-05-14T20:35:08","date_gmt":"2019-05-14T18:35:08","guid":{"rendered":"https:\/\/www.kongresmakroekonomiczny.pl\/?page_id=699"},"modified":"2019-05-14T20:35:09","modified_gmt":"2019-05-14T18:35:09","slug":"ii-kongres-makroekonomiczny","status":"publish","type":"page","link":"https:\/\/www.kongresmakroekonomiczny.pl\/index.php\/ii-kongres-makroekonomiczny\/","title":{"rendered":"II KONGRES MAKROEKONOMICZNY"},"content":{"rendered":"\n<figure class=\"wp-block-image\"><img src=\"http:\/\/kongresmakroekonomiczny.pl\/assets\/img\/kongres2014.png\" alt=\"\"\/><\/figure>\n\n\n\n<p>W dniach 26-27 listopada 2014 r. w Warszawie odby\u0142 si\u0119 II Kongres Makroekonomiczny. By\u0142o to wydarzenie naukowe, organizowane przez Instytut Studi\u00f3w Ekonomiczno- Spo\u0142ecznych, Instytut Nauk Ekonomicznych Polskiej Akademii Nauk oraz Studenckie Ko\u0142o Naukowe Finans\u00f3w i Makroekonomii we wsp\u00f3\u0142pracy z The Institute for New Economic Thinking \u2013 Young Scholars Initiative. Projekt uzyska\u0142 tak\u017ce&nbsp;<strong>Patronat Prezydenta RP Bronis\u0142awa Komorowskiego.<\/strong>&nbsp;II Kongres Makroekonomiczny, kt\u00f3rego tematem przewodnim by\u0142y&nbsp;<strong>Transformacje<\/strong>, przybra\u0142 form\u0119 konferencji oraz warsztat\u00f3w.<\/p>\n\n\n\n<p>Wydarzenie by\u0142o kolejn\u0105 ods\u0142on\u0105 corocznego kongresu stanowi\u0105cego platform\u0119 wymiany my\u015bli ekonomicznej, kt\u00f3rego celem, wraz z towarzysz\u0105cymi warsztatami, jest&nbsp;<strong>zwi\u0119kszenie aktywno\u015bci student\u00f3w i m\u0142odych ekonomist\u00f3w w debacie publicznej poprzez kreacj\u0119 nowych kierunk\u00f3w w \u017cyciu publicznym, dzi\u0119ki czemu grupy te uzyskaj\u0105 po\u015bredni, a w przysz\u0142o\u015bci bezpo\u015bredni wp\u0142yw na decyzje wp\u0142ywaj\u0105ce na nasz\u0105 rzeczywisto\u015b\u0107.<\/strong>&nbsp;Opr\u00f3cz refleksji nad transformacj\u0105 gospodarcz\u0105 w Polsce, podj\u0119te zosta\u0142y kwestie wyzwa\u0144 stoj\u0105cych przed Polsk\u0105 w przysz\u0142o\u015bci \u2013 mo\u017cliwo\u015bci znalezienia si\u0119 w pu\u0142apce \u015bredniego dochodu oraz konieczno\u015bci modernizacji sektora energetyki. W za\u0142o\u017ceniu realizacja tego projektu mia\u0142a stworzy\u0107 miejsce wsp\u00f3\u0142pracy, a w d\u0142u\u017cszej perspektywie \u2013 poprzez stymulacj\u0119 rozwoju nowego pokolenia ekonomist\u00f3w i ludzi biznesu \u2013 wprowadzi\u0107 Polsk\u0119 na nowe tory wzrostu gospodarczego.<\/p>\n\n\n\n<p>W konferencji uczestniczy\u0142o oko\u0142o&nbsp;<strong>300 student\u00f3w oraz przedstawicieli \u015bwiata nauki i biznesu.<\/strong>&nbsp;W warsztatach, przeprowadzonych w siedzibie Instytutu Nauk Ekonomicznych Polskiej Akademii Nauk, wzi\u0119\u0142o udzia\u0142 ok. 40 os\u00f3b, w\u015br\u00f3d kt\u00f3rych znale\u017ali si\u0119 zar\u00f3wno studenci, jak i doktoranci. Konferencja zosta\u0142a otwarta przez prezesa Studenckiego Ko\u0142a Naukowego Finans\u00f3w i Makroekonomii Rafa\u0142a Staro\u015bcika, przedmow\u0119 wyg\u0142osi\u0142 r\u00f3wnie\u017c prof. Cezary W\u00f3jcik \u2013 opiekun naukowy SKN FM.<\/p>\n\n\n\n<h1>WYK\u0141AD INAUGURUJ\u0104CY I DZIE\u0143<\/h1>\n\n\n\n<h3>TRANSFORMACJA POLSKIEGO SEKTORA BANKOWEGO<\/h3>\n\n\n\n<figure class=\"wp-block-image\"><img src=\"http:\/\/kongresmakroekonomiczny.pl\/assets\/img\/DSC00589.JPG\" alt=\"\"\/><\/figure>\n\n\n\n<p>Wyk\u0142ad inauguracyjny na temat transformacji polskiego sektora bankowego zosta\u0142 przedstawiony przez&nbsp;<strong>prof. Oskara Kowalewskego<\/strong>, zast\u0119pc\u0119 Dyrektora ds. Naukowych INE PAN reprezentuj\u0105cego tak\u017ce Szko\u0142\u0119 G\u0142\u00f3wn\u0105 Handlow\u0105 w Warszawie oraz The Wharton School of the University of Pennsylvania. Prof. Kowalewski podzieli\u0142 si\u0119 z uczestnikami konferencji swoimi przemy\u015bleniami dotycz\u0105cymi&nbsp;<strong>zmian w systemie finansowym po 1989 r. oraz struktury w\u0142a\u015bcicielskiej polskich bank\u00f3w.<\/strong>&nbsp;Wyk\u0142ad wywo\u0142a\u0142 w\u015br\u00f3d publiczno\u015bci liczne pytania, co wskaza\u0142o na znaczne zainteresowanie uczestnik\u00f3w poruszan\u0105 tematyk\u0105.<\/p>\n\n\n\n<p>Dalsza cz\u0119\u015b\u0107 II Kongresu Makroekonomicznego sk\u0142ada\u0142a si\u0119 z trzech paneli. W ka\u017cdym z nich udzia\u0142 wzi\u0119\u0142o czterech prelegent\u00f3w oraz moderator. Reprezentowali oni m. in. instytucje finansowe, naukowe, uczelnie, a tak\u017ce firmy z bran\u017cy energetycznej, doradczej oraz medi\u00f3w.<\/p>\n\n\n\n<h1>PANEL I<\/h1>\n\n\n\n<h3>25 YEARS OF ECONOMIC TRANSFORMATION IN POLAND<\/h3>\n\n\n\n<figure class=\"wp-block-image\"><img src=\"http:\/\/kongresmakroekonomiczny.pl\/assets\/img\/DSC00729.JPG\" alt=\"\"\/><\/figure>\n\n\n\n<p><strong>Uczestnicy panelu:<\/strong><\/p>\n\n\n\n<ul><li>prof. Cezary W\u00f3jcik (Profesor Szko\u0142y G\u0142\u00f3wnej Handlowej w Warszawie, Dyrektor Instytutu Nauk Ekonomicznych Polskiej Akademii Nauk) \u2013 moderator,<\/li><li>dr Agnieszka Ja\u0144czuk- Gorywoda (Tilburg Law School, Tilburg Law and Economics Center, The Institute for New Economic Thinking \u2013 Young Scholars Initiative),<\/li><li>prof. Ryszard Rapacki (Szko\u0142a G\u0142\u00f3wna Handlowa w Warszawie),<\/li><li>dr Marina Wes (Mened\u017cer Banku \u015awiatowego dla Polski i kraj\u00f3w ba\u0142tyckich),<\/li><li>dr Jaros\u0142aw Janecki (g\u0142\u00f3wny ekonomista Societe Generale).<\/li><\/ul>\n\n\n\n<p>Paneli\u015bci wymienili swoje spostrze\u017cenia na temat&nbsp;<strong>dzia\u0142a\u0144, kt\u00f3re zosta\u0142y poczynione w celu przej\u015bcia od modelu gospodarki centralnie planowanej do rynkowej<\/strong>, ocenili ich trafno\u015b\u0107 z perspektywy czasu i w \u015bwietle do\u015bwiadcze\u0144 innych gospodarek stawiaj\u0105cych czo\u0142a podobnym wyzwaniom, a tak\u017ce odpowiedzieli na pytanie, jak wielka by\u0142a rola zagranicznych ekspert\u00f3w w tym procesie. Paneli\u015bci doszli do podobnych wniosk\u00f3w i zgodzili si\u0119 co do tezy, \u017ce transformacja polskiego systemu polityczno-gospodarczego by\u0142a ogromnym sukcesem.<\/p>\n\n\n\n<h1>PANEL II<\/h1>\n\n\n\n<h3>IMITACJE CZY INNOWACJE \u2013 \u0179R\u00d3D\u0141A ROZWOJU GOSPODARCZEGO POLSKI W D\u0141UGIM OKRESIE<\/h3>\n\n\n\n<figure class=\"wp-block-image\"><img src=\"http:\/\/kongresmakroekonomiczny.pl\/assets\/img\/IMG_4580.jpg\" alt=\"\"\/><\/figure>\n\n\n\n<p><strong>Uczestnicy panelu:<\/strong><\/p>\n\n\n\n<ul><li>dr. Tomasz Kaczor (g\u0142\u00f3wny ekonomista Banku Gospodarstwa Krajowego, Szko\u0142a G\u0142\u00f3wna Handlowa w Warszwie) \u2013 moderator,<\/li><li>Monika Kurtek (g\u0142\u00f3wny ekonomista Banku Pocztowego),<\/li><li>dr hab. Joanna Tyrowicz (Narodowy Bank Polski, Wydzia\u0142 Nauk Ekonomicznych Uniwersytetu Warszawskiego),<\/li><li>Kamil Pruchnik (M\u0142odzi Reformuj\u0105 Polsk\u0119).<\/li><\/ul>\n\n\n\n<p>Paneli\u015bci wsp\u00f3lnie zastanowili si\u0119,&nbsp;<strong>co jest przyczyn\u0105 rozwoju gospodarczego w d\u0142ugim okresie i okre\u015blili mocne i s\u0142abe strony polskiej gospodarki pod tym wzgl\u0119dem.<\/strong>Dyskusja dotyczy\u0142a r\u00f3wnie\u017c roli pa\u0144stwa we wspieraniu m\u0142odych innowacyjnych przedsi\u0119biorstw oraz przyczyn sukcesu najwi\u0119kszych korporacji z bran\u017cy technologicznej. Temat wywo\u0142a\u0142 liczne i kontrowersyjne pytania ze strony publiczno\u015bci, a brak zgody co do odpowiedzi w\u015br\u00f3d prelegent\u00f3w dodatkowo sk\u0142ania\u0142 do przemy\u015ble\u0144.<\/p>\n\n\n\n<h3>OG\u0141OSZENIE ZWYCI\u0118ZCY KONKURSU AKE<\/h3>\n\n\n\n<figure class=\"wp-block-image\"><img src=\"http:\/\/kongresmakroekonomiczny.pl\/assets\/img\/AKE-300x139.jpg\" alt=\"\"\/><\/figure>\n\n\n\n<p>Przed trzecim panelem odby\u0142a si\u0119&nbsp;<strong>gala wr\u0119czenia nagr\u00f3d II edycji Akademickiego Konsensusu Ekonomicznego<\/strong>&nbsp;\u2013 konkursu, w kt\u00f3rym swoje prognozy odda\u0142o ponad 150 student\u00f3w i doktorant\u00f3w z ca\u0142ej Polski. Najlepszym analitykiem makroekonomicznym zosta\u0142 Karol Rybaczuk, a nagrod\u0119 i gratulacje odebra\u0142 z r\u0105k&nbsp;<strong>redaktora naczelnego Redakcji Ekonomicznej Polskiej Agencji Prasowej Macieja Danielewicza.<\/strong><\/p>\n\n\n\n<h1>PANEL III<\/h1>\n\n\n\n<h3>IMITACJE CZY INNOWACJE \u2013 \u0179R\u00d3D\u0141A ROZWOJU GOSPODARCZEGO POLSKI W D\u0141UGIM OKRESIE<\/h3>\n\n\n\n<figure class=\"wp-block-image\"><img src=\"http:\/\/kongresmakroekonomiczny.pl\/assets\/img\/IMG_4653.jpg\" alt=\"\"\/><\/figure>\n\n\n\n<p><strong>Uczestnicy panelu:<\/strong><\/p>\n\n\n\n<ul><li>Roman M\u0142odkowski (prezes zarz\u0105du RMVC) \u2013 moderator,<\/li><li>Remigiusz Chlewicki (Partner EY),<\/li><li>Les\u0142aw Lewandowski (Grupa Lotos),<\/li><li>dr Karol Wawrzyniak (Narodowe Centrum Bada\u0144 J\u0105drowych),<\/li><li>Tomasz Chmal (Partner w White &amp; Case).<\/li><\/ul>\n\n\n\n<p>Paneli\u015bci w szczeg\u00f3lno\u015bci skupili si\u0119 na temacie&nbsp;<strong>kierunku rozwoju polskiego sektora energetycznego w kontek\u015bcie europejskim<\/strong>, kwestii regulacji bran\u017cy energetycznej, a tak\u017ce niezale\u017cno\u015bci i sposobie przej\u015bcia z energetyki opartej na konwencjonalnych \u017ar\u00f3d\u0142ach do produkcji ze \u017ar\u00f3de\u0142 odnawialnych.<\/p>\n\n\n\n<h1>WYK\u0141AD ZAMYKAJ\u0104CY I DZIE\u0143<\/h1>\n\n\n\n<h3>TRANSITION: INSTITUTIONS, COMPLEXITY AND TRANSFORMATION<\/h3>\n\n\n\n<figure class=\"wp-block-image\"><img src=\"http:\/\/kongresmakroekonomiczny.pl\/assets\/img\/IMG_4771.jpg\" alt=\"\"\/><\/figure>\n\n\n\n<p>Wyk\u0142ad zamykaj\u0105cy zosta\u0142 wyg\u0142oszony w j\u0119zyku angielskim przez&nbsp;<strong>dr. Christophera Hartwella \u2013 przewodnicz\u0105cego CASE Poland.<\/strong>&nbsp;W swojej przemowie skupi\u0142 si\u0119 na&nbsp;<strong>roli przemiany instytucjonalnej i strukturze systemu instytucji w procesie transformacji<\/strong>, a tak\u017ce wyodr\u0119bni\u0142 obszary, w kt\u00f3rych transformacja w Polsce zosta\u0142a zako\u0144czona, gdzie wci\u0105\u017c trwa i gdzie powinna trwa\u0107. Sw\u00f3j wyk\u0142ad zako\u0144czy\u0142 przemy\u015bleniami na temat zwi\u0105zku polskiej transformacji z t\u0105, kt\u00f3ra ma miejsce na Ukrainie.<\/p>\n\n\n\n<h1>DZIE\u0143 II<\/h1>\n\n\n\n<h3>WARSZTATY \u201eLAW AND FINANCIAL STABILITY IN THE EU\u201d<\/h3>\n\n\n\n<p>Drugi dzie\u0144 II Kongresu Makroekonomicznego przybra\u0142 form\u0119&nbsp;<strong>warsztat\u00f3w w j\u0119zyku angielskim<\/strong>, kt\u00f3re zosta\u0142y poprowadzone 27 listopada przez&nbsp;<strong>dr Agnieszk\u0119 Ja\u0144czuk \u2013 Gorywod\u0119 z Tilburg Law School, Tilburg Law and Economics Center oraz The Institute for New Economic Thinking \u2013 Young Scholars Initiative<\/strong>&nbsp;w siedzibie Instytutu Nauk Ekonomicznych Polskiej Akademii Nauk w Pa\u0142acu Kultury i Nauki. Warsztaty sk\u0142ada\u0142y si\u0119 z dw\u00f3ch sesji, podczas kt\u00f3rych uczestnicy&nbsp;<strong>dyskutowali na temat roli instytucji finansowych, w szczeg\u00f3lno\u015bci sektora bankowego i system\u00f3w p\u0142atniczych, w utrzymywaniu stabilno\u015bci europejskiego systemu finansowego.<\/strong><\/p>\n\n\n\n<h2>PATRONI MERYTORYCZNI I MEDIALNI<\/h2>\n\n\n\n<h2><strong>PATRONAMI MERYTORYCZNYMI II KONGRESU MAKROEKONOMICZNEGO ZOSTALI<\/strong><\/h2>\n\n\n\n<figure class=\"wp-block-image\"><img src=\"http:\/\/kongresmakroekonomiczny.pl\/assets\/img\/patroni\/patroni-drugi-kongres.png\" alt=\"\"\/><\/figure>\n\n\n\n<h2><strong>PATRONAT MEDIALNY NAD KONGRESEM OBJ\u0118LI<\/strong><\/h2>\n\n\n\n<figure class=\"wp-block-image\"><img src=\"http:\/\/kongresmakroekonomiczny.pl\/assets\/img\/patroni\/patroni-med-drugi-kongres.png\" alt=\"\"\/><\/figure>\n\n\n\n<p><\/p>\n","protected":false},"excerpt":{"rendered":"<p>W dniach 26-27 listopada 2014 r. w Warszawie odby\u0142 si\u0119 II Kongres Makroekonomiczny. By\u0142o to wydarzenie naukowe, organizowane przez Instytut Studi\u00f3w Ekonomiczno- Spo\u0142ecznych, Instytut Nauk Ekonomicznych Polskiej Akademii Nauk oraz Studenckie Ko\u0142o Naukowe Finans\u00f3w i Makroekonomii we wsp\u00f3\u0142pracy z The Institute for New Economic Thinking \u2013 Young Scholars Initiative. Projekt uzyska\u0142 tak\u017ce&nbsp;Patronat Prezydenta RP Bronis\u0142awa&hellip;&nbsp;<a href=\"https:\/\/www.kongresmakroekonomiczny.pl\/index.php\/ii-kongres-makroekonomiczny\/\" class=\"\" rel=\"bookmark\">Czytaj wi\u0119cej &raquo;<span class=\"screen-reader-text\">II KONGRES MAKROEKONOMICZNY<\/span><\/a><\/p>\n","protected":false},"author":1,"featured_media":0,"parent":0,"menu_order":0,"comment_status":"closed","ping_status":"closed","template":"","meta":[],"_links":{"self":[{"href":"https:\/\/www.kongresmakroekonomiczny.pl\/index.php\/wp-json\/wp\/v2\/pages\/699"}],"collection":[{"href":"https:\/\/www.kongresmakroekonomiczny.pl\/index.php\/wp-json\/wp\/v2\/pages"}],"about":[{"href":"https:\/\/www.kongresmakroekonomiczny.pl\/index.php\/wp-json\/wp\/v2\/types\/page"}],"author":[{"embeddable":true,"href":"https:\/\/www.kongresmakroekonomiczny.pl\/index.php\/wp-json\/wp\/v2\/users\/1"}],"replies":[{"embeddable":true,"href":"https:\/\/www.kongresmakroekonomiczny.pl\/index.php\/wp-json\/wp\/v2\/comments?post=699"}],"version-history":[{"count":1,"href":"https:\/\/www.kongresmakroekonomiczny.pl\/index.php\/wp-json\/wp\/v2\/pages\/699\/revisions"}],"predecessor-version":[{"id":700,"href":"https:\/\/www.kongresmakroekonomiczny.pl\/index.php\/wp-json\/wp\/v2\/pages\/699\/revisions\/700"}],"wp:attachment":[{"href":"https:\/\/www.kongresmakroekonomiczny.pl\/index.php\/wp-json\/wp\/v2\/media?parent=699"}],"curies":[{"name":"wp","href":"https:\/\/api.w.org\/{rel}","templated":true}]}}