{"id":703,"date":"2019-05-14T20:38:06","date_gmt":"2019-05-14T18:38:06","guid":{"rendered":"https:\/\/www.kongresmakroekonomiczny.pl\/?page_id=703"},"modified":"2019-05-14T20:38:06","modified_gmt":"2019-05-14T18:38:06","slug":"iv-kongres-makroekonomiczny","status":"publish","type":"page","link":"https:\/\/www.kongresmakroekonomiczny.pl\/index.php\/iv-kongres-makroekonomiczny\/","title":{"rendered":"IV KONGRES MAKROEKONOMICZNY"},"content":{"rendered":"\n<figure class=\"wp-block-image\"><img src=\"http:\/\/kongresmakroekonomiczny.pl\/assets\/img\/kongres2015\/01.png\" alt=\"\"\/><\/figure>\n\n\n\n<p>W dniach 25-26 listopada w Szkole G\u0142\u00f3wnej Handlowej w Warszawie odby\u0142 si\u0119 III Kongres Makroekonomiczny. Tegoroczna edycja wydarzenia zosta\u0142a zorganizowana przez Studenckie Ko\u0142o Naukowe Finans\u00f3w i Makroekonomii (SKN FM) oraz Instytut Studi\u00f3w Ekonomiczno-Spo\u0142ecznych (ISES) we wsp\u00f3\u0142pracy z firm\u0105 doradztwa strategicznego McKinsey &amp; Company. Projekt zosta\u0142 obj\u0119ty wysokim patronatem Parlamentu Europejskiego oraz JM Rektora SGH prof. Tomasza Szapiro.<\/p>\n\n\n\n<p>Dwudniowe wydarzenie przybra\u0142o form\u0119 konferencji, kt\u00f3ra odby\u0142a si\u0119 25 listopada, oraz&nbsp;<strong>warsztat\u00f3w, debaty oksfordzkiej i seminarium grupy roboczej Young Scholars Initiative<\/strong>, w kt\u00f3rych uczestnicy mogli wzi\u0105\u0107 udzia\u0142 26 listopada. Tematem przewodnim trzeciej edycji Kongresu Makroekonomicznego by\u0142a&nbsp;<strong>strefa euro<\/strong>&nbsp;i to tej problematyce w ca\u0142o\u015bci zosta\u0142y po\u015bwi\u0119cone&nbsp;<strong>trzy panele dyskusyjne oraz keynote speech<\/strong>, kt\u00f3re odby\u0142y si\u0119 pierwszego dnia. W wydarzeniu udzia\u0142 wzi\u0119\u0142o ponad&nbsp;<strong>300<\/strong>&nbsp;os\u00f3b, a w\u015br\u00f3d uczestnik\u00f3w znale\u017ali si\u0119 nie tylko studenci i pracownicy naukowi SGH, ale tak\u017ce przedstawiciele innych o\u015brodk\u00f3w badawczych i biznesowych. III Kongres Makroekonomiczny zosta\u0142 otwarty przez Mateusza Nowaka (Seriatim, ISES) oraz opiekuna naukowego SKN Finans\u00f3w i Makroekonomii &#8211; prof. Cezarego W\u00f3jcika (SGH).<\/p>\n\n\n\n<h1>PANEL I<\/h1>\n\n\n\n<h3>CO JEST PRAWDZIW\u0104&nbsp;PRZYCZYN\u0104 KRYZYSU W STREFIE EURO?<\/h3>\n\n\n\n<figure class=\"wp-block-image\"><img src=\"http:\/\/kongresmakroekonomiczny.pl\/assets\/img\/kongres2015\/02.png\" alt=\"\"\/><\/figure>\n\n\n\n<p><strong>Uczestnicy panelu:<\/strong><\/p>\n\n\n\n<ul><li>prof. Cezary W\u00f3jcik (SGH) \u2013 moderator,<\/li><li>prof. Micha\u0142 Brzoza-Brzezina (NBP, SGH),<\/li><li>\u0141ukasz Janikowski (NBP, SGH),<\/li><li>Stefan Kawalec (Capital Strategy),<\/li><li>prof. Ma\u0142gorzata Zaleska (NBP, SGH).<\/li><\/ul>\n\n\n\n<p>Pierwszy panel dyskusyjny zatytu\u0142owany \u201eCo jest prawdziw\u0105 przyczyn\u0105 kryzysu w strefie euro?\u201d rozpocz\u0105\u0142 si\u0119 od wprowadzenia do tematu poprzez wskazanie trzech potencjalnych przyczyn kryzysu w strefie euro, tj. wsp\u00f3lnej waluty, kryzysu finansowego oraz struktury instytucjonalnej strefy euro, dokonanym przez moderatora panelu &#8211; prof. Cezarego W\u00f3jcika. Paneli\u015bci przedstawiali odmienne pogl\u0105dy na t\u0119 kwesti\u0119. W\u015br\u00f3d przyczyn wymieniono m. in. brak optymalnego obszaru walutowego, niespe\u0142nienie podstawowych za\u0142o\u017ce\u0144, kt\u00f3re leg\u0142y u podstaw strefy euro, brak koordynacji polityki fiskalnej i polityki makroostro\u017cno\u015bciowej. Po wyst\u0105pieniach panelist\u00f3w nadszed\u0142 czas na interesuj\u0105ce pytania od zgromadzonej publiczno\u015bci.&nbsp;<\/p>\n\n\n\n<h1>KEYNOTE SPEECH<\/h1>\n\n\n\n<h3>CZY I W JAKIM STOPNIU QE EBC SPRZYJA POWROTOWI STREFY EURO NA \u015aCIE\u017bK\u0118 STABILNEGO WZROSTU?<\/h3>\n\n\n\n<figure class=\"wp-block-image\"><img src=\"http:\/\/kongresmakroekonomiczny.pl\/assets\/img\/kongres2015\/03.png\" alt=\"\"\/><\/figure>\n\n\n\n<p>Nast\u0119pnie uczestnicy wydarzenia mieli okazj\u0119 wys\u0142ucha\u0107 wyk\u0142adu wiod\u0105cego prof. Andrzeja S\u0142awi\u0144skiego (NBP, SGH) na temat: \u201eCzy i w jakim stopniu QE EBC sprzyja powrotowi strefy euro na \u015bcie\u017ck\u0119 stabilnego wzrostu?\u201d. Prof. S\u0142awi\u0144ski swoje wyst\u0105pienie rozpocz\u0105\u0142 od nakre\u015blenia sytuacji w jakiej strefa euro znajdowa\u0142a si\u0119 w latach 2010-2012, gdy na rynki obligacji skarbowych powraca\u0142y cykliczne fale destabilizuj\u0105cej spekulacji, kt\u00f3re spowodowa\u0142y silny wzrost d\u0142ugoterminowych st\u00f3p procentowych i koszt\u00f3w obs\u0142ugi d\u0142ugu publicznego. Kryzysy fiskalne przyczyni\u0142y si\u0119 do powrotu recesji i wzrostu stosunku zad\u0142u\u017cenia publicznego do PKB. Profesor podkre\u015bli\u0142, \u017ce QE nie jest drukowaniem pieni\u0119dzy przez Europejski Bank Centralny, natomiast jego celem jest przywr\u00f3cenie akcji kredytowej i poda\u017cy pieni\u0105dza na rynkach. W 2015 roku mogli\u015bmy zaobserwowa\u0107 poruszenie akcji kredytowej w strefie euro, co by\u0142o spowodowane faktem, i\u017c QE wzmog\u0142o o\u017cywienie gospodarcze.&nbsp;<\/p>\n\n\n\n<h1>PANEL II<\/h1>\n\n\n\n<h3>WZROST CZY STAGNACJA \u2013 CO CZEKA STREF\u0118 EURO?<\/h3>\n\n\n\n<figure class=\"wp-block-image\"><img src=\"http:\/\/kongresmakroekonomiczny.pl\/assets\/img\/kongres2015\/04.png\" alt=\"\"\/><\/figure>\n\n\n\n<p><strong>Uczestnicy panelu:<\/strong><\/p>\n\n\n\n<ul><li>dr Marek Rozkrut (EY) \u2013 moderator,<\/li><li>prof. Stanis\u0142aw Gomu\u0142ka (PAN, BCC),<\/li><li>Mariusz Kapu\u015bci\u0144ski (NBP, SKN FM),<\/li><li>prof. Micha\u0142 Rubaszek (NBP, SGH).<\/li><\/ul>\n\n\n\n<p>Wyk\u0142ad prof. S\u0142awi\u0144skiego, wprowadzaj\u0105cy s\u0142uchaczy w zagadnienia polityki EBC, sta\u0142 si\u0119 doskona\u0142\u0105 podstaw\u0105 do dyskusji, kt\u00f3ra wywi\u0105za\u0142a si\u0119 podczas drugiego panelu zatytu\u0142owanego \u201eWzrost czy stagnacja \u2013 co czeka stref\u0119 euro?\u201d. Zastanawiano si\u0119 czy obecnie w strefie euro mo\u017cemy zaobserwowa\u0107 sekularn\u0105 stagnacj\u0119 czy tylko przej\u015bciowe obni\u017cenie st\u00f3p wzrostu gospodarczego. Prelegenci zwr\u00f3cili uwag\u0119 na to jak na sytuacj\u0119 w przysz\u0142o\u015bci mog\u0105 wp\u0142ywa\u0107 czynniki demograficzne, inwestycje w kapita\u0142 ludzki oraz zmiany technologiczne.<\/p>\n\n\n\n<h1>PANEL III<\/h1>\n\n\n\n<h3>CZY POLSKIM FIRMOM POTRZEBNE JEST EURO?<\/h3>\n\n\n\n<figure class=\"wp-block-image\"><img src=\"http:\/\/kongresmakroekonomiczny.pl\/assets\/img\/kongres2015\/05.png\" alt=\"\"\/><\/figure>\n\n\n\n<p><strong>Uczestnicy panelu:<\/strong><\/p>\n\n\n\n<ul><li>Tomasz Marciniak (McKinsey &amp; Company) \u2013 moderator,<\/li><li>dr Ernest Pytlarczyk (mBank),<\/li><li>dr Andrzej Rzo\u0144ca (Rada Polityki Pieni\u0119\u017cnej, SGH),<\/li><li>Ireneusz Sitarski (PESA Bydgoszcz),<\/li><li>Sebastian Wieczorek (PKO BP, SKN FM).<\/li><\/ul>\n\n\n\n<p>Ostatni panel, kt\u00f3ry odby\u0142 si\u0119 pierwszego dnia Kongresu Makroekonomicznego nosi\u0142 tytu\u0142 \u201eCzy polskim firmom potrzebne jest euro?\u201d. Dyskusja by\u0142a moderowana przez Tomasza Marciniaka (McKinsey&amp;Company). W czasie debaty uformowa\u0142y si\u0119 dwa stronnictwa \u2013 zwolennik\u00f3w przyj\u0119cia wsp\u00f3lnej waluty, w sk\u0142ad kt\u00f3rego wchodzili dr Andrzej Rzo\u0144ca (RPP, SGH), a tak\u017ce Ireneusz Sitarski (PESA) &#8211; i przeciwnik\u00f3w takiego rozwi\u0105zania, do kt\u00f3rych nale\u017celi dr Ernest Pytlarczyk (mBank) oraz Sebastian Wieczorek (PKO BP, SKN FM). Po niezwykle ciekawej i \u017cywej debacie paneli\u015bci zgodzili si\u0119 w jednej kwestii &#8211; ze wzgl\u0119du na aktualne uwarunkowania polityczne i prawne nie nale\u017cy spodziewa\u0107 si\u0119 wprowadzenia euro w Polsce w najbli\u017cszej przysz\u0142o\u015bci.<\/p>\n\n\n\n<h1>DZIE\u0143 II<\/h1>\n\n\n\n<h3>WARSZTAT \u201c5 ZADA\u0143 DLA POLSKI\u201d Z MCKINSEY&amp;COMPANY<\/h3>\n\n\n\n<p>Podczas drugiego dnia Kongresu uczestnicy mieli okazj\u0119 w praktyczny spos\u00f3b zastanowi\u0107 si\u0119 nad kierunkiem rozwoju naszego pa\u0144stwa podczas warsztatu przeprowadzonego przez firm\u0119 doradztwa strategicznego McKinsey&amp;Company. Warsztat, w formie case study, zosta\u0142 oparty na tematyce raportu \u201e5 zada\u0144 dla Polski\u201d. Uczestnicy zostali podzieleni na zespo\u0142y, kt\u00f3rych zadaniem by\u0142o znalezienie rozwi\u0105za\u0144 najwa\u017cniejszych zada\u0144, przed kt\u00f3rymi stoi polska gospodarka. Mowa tutaj o zamkni\u0119ciu luki produktywno\u015bci, przygotowaniu dodatkowych projekt\u00f3w inwestycyjnych, zwi\u0119kszeniu innowacyjno\u015bci gospodarki, odwr\u00f3ceniu negatywnego trendu demograficznego oraz wsparciu dla biznesu i poprawie poziomu us\u0142ug publicznych.<\/p>\n\n\n\n<h3>DEBATA OKSFORDZKA &#8211; \u201ePOROZUMIENIE TTIP ZAGRO\u017bENIEM DLA POLSKI\u201d<\/h3>\n\n\n\n<figure class=\"wp-block-image\"><img src=\"http:\/\/kongresmakroekonomiczny.pl\/assets\/img\/kongres2015\/06.png\" alt=\"\"\/><\/figure>\n\n\n\n<p>Kolejnym punktem drugiego dnia wydarzenia by\u0142a pokazowa debata oksfordzka na temat \u201ePorozumienie TTIP zagro\u017ceniem dla Polski\u201d. Do udzia\u0142u w niej dru\u017cyna organizator\u00f3w zaprosi\u0142a reprezentacj\u0119 Studenckiego Ko\u0142a Naukowego Bada\u0144 nad Konkurencyjno\u015bci\u0105. Zwyci\u0119zcami zostali go\u015bcie, kt\u00f3rzy bronili zawartej w temacie tezy. Nale\u017cy jednak wspomnie\u0107, \u017ce obie dru\u017cyny zosta\u0142y wysoko ocenione przez jury, a o werdykcie zdecydowa\u0142 g\u0142os publiczno\u015bci.<\/p>\n\n\n\n<h3>YOUNG SCHOLARS INITIATIVE<\/h3>\n\n\n\n<p>Wydarzenie zamkn\u0119\u0142o spotkanie grupy roboczej Young Scholars Initiative, kt\u00f3ra razem z uczestnikami zastanawia\u0142a si\u0119 nad problematyk\u0105 inflacji i wp\u0142ywem polityki pieni\u0119\u017cnej na poziom cen w gospodarce. Podczas spotkania zosta\u0142y om\u00f3wione teoria ilo\u015bciowa, teoria post-keynesowska oraz teoria kosztowa inflacji.<\/p>\n\n\n\n<h3>PARTNERZY STRATEGICZNI<\/h3>\n\n\n\n<p>Partnerem strategicznym III Kongresu Makroekonomicznego by\u0142a firma doradztwa strategicznego McKinsey&amp;Company, natomiast partnerami Kongresu byli HFT Brokers Dom Maklerski S.A., Katedra Ekonomii Ilo\u015bciowej, Katedra Finans\u00f3w Mi\u0119dzynarodowych oraz Korporacja Handlu Zagranicznego.<\/p>\n\n\n\n<figure class=\"wp-block-image\"><img src=\"http:\/\/kongresmakroekonomiczny.pl\/assets\/img\/patroni\/mckinsey.jpg\" alt=\"\"\/><\/figure>\n\n\n\n<figure class=\"wp-block-image\"><img src=\"http:\/\/kongresmakroekonomiczny.pl\/assets\/img\/patroni\/katedra_ekonomii_ilosciowej.jpg\" alt=\"\"\/><\/figure>\n\n\n\n<figure class=\"wp-block-image\"><img src=\"http:\/\/kongresmakroekonomiczny.pl\/assets\/img\/patroni\/logo_hft.jpg\" alt=\"\"\/><\/figure>\n\n\n\n<figure class=\"wp-block-image\"><img src=\"http:\/\/kongresmakroekonomiczny.pl\/assets\/img\/loga\/korporacja_handlu_zagranicznego.jpg\" alt=\"\"\/><\/figure>\n\n\n\n<h3>PATRONI MERYTORYCZNI<\/h3>\n\n\n\n<figure class=\"wp-block-image\"><img src=\"http:\/\/kongresmakroekonomiczny.pl\/assets\/img\/loga\/ministerstwo_nauki.png\" alt=\"\"\/><\/figure>\n\n\n\n<figure class=\"wp-block-image\"><img src=\"http:\/\/kongresmakroekonomiczny.pl\/assets\/img\/loga\/ministerstwo_finansow.png\" alt=\"\"\/><\/figure>\n\n\n\n<figure class=\"wp-block-image\"><img src=\"http:\/\/kongresmakroekonomiczny.pl\/assets\/img\/loga\/ministerstwo_gospodarki.png\" alt=\"\"\/><\/figure>\n\n\n\n<figure class=\"wp-block-image\"><img src=\"http:\/\/kongresmakroekonomiczny.pl\/assets\/img\/loga\/nbp.png\" alt=\"\"\/><\/figure>\n\n\n\n<figure class=\"wp-block-image\"><img src=\"http:\/\/kongresmakroekonomiczny.pl\/assets\/img\/loga\/komisja_europejska.png\" alt=\"\"\/><\/figure>\n\n\n\n<figure class=\"wp-block-image\"><img src=\"http:\/\/kongresmakroekonomiczny.pl\/assets\/img\/loga\/ncbir.png\" alt=\"\"\/><\/figure>\n\n\n\n<figure class=\"wp-block-image\"><img src=\"http:\/\/kongresmakroekonomiczny.pl\/assets\/img\/loga\/knf.png\" alt=\"\"\/><\/figure>\n\n\n\n<figure class=\"wp-block-image\"><img src=\"http:\/\/kongresmakroekonomiczny.pl\/assets\/img\/loga\/paga.png\" alt=\"\"\/><\/figure>\n\n\n\n<figure class=\"wp-block-image\"><img src=\"http:\/\/kongresmakroekonomiczny.pl\/assets\/img\/loga\/case.png\" alt=\"\"\/><\/figure>\n\n\n\n<figure class=\"wp-block-image\"><img src=\"http:\/\/kongresmakroekonomiczny.pl\/assets\/img\/loga\/csm.png\" alt=\"\"\/><\/figure>\n\n\n\n<figure class=\"wp-block-image\"><img src=\"http:\/\/kongresmakroekonomiczny.pl\/assets\/img\/loga\/prezydent_warszawa.png\" alt=\"\"\/><\/figure>\n\n\n\n<figure class=\"wp-block-image\"><img src=\"http:\/\/kongresmakroekonomiczny.pl\/assets\/img\/loga\/akademia_pism.png\" alt=\"\"\/><\/figure>\n\n\n\n<figure class=\"wp-block-image\"><img src=\"http:\/\/kongresmakroekonomiczny.pl\/assets\/img\/loga\/center_for_leadership.png\" alt=\"\"\/><\/figure>\n\n\n\n<figure class=\"wp-block-image\"><img src=\"http:\/\/kongresmakroekonomiczny.pl\/assets\/img\/loga\/pism.png\" alt=\"\"\/><\/figure>\n\n\n\n<figure class=\"wp-block-image\"><img src=\"http:\/\/kongresmakroekonomiczny.pl\/assets\/img\/loga\/europarlament.png\" alt=\"\"\/><\/figure>\n\n\n\n<figure class=\"wp-block-image\"><img src=\"http:\/\/kongresmakroekonomiczny.pl\/assets\/img\/loga\/rektor_sgh.png\" alt=\"\"\/><\/figure>\n\n\n\n<figure class=\"wp-block-image\"><img src=\"http:\/\/kongresmakroekonomiczny.pl\/assets\/img\/loga\/seriatim.png\" alt=\"\"\/><\/figure>\n\n\n\n<h3>PATRONI MEDIALNI<\/h3>\n\n\n\n<figure class=\"wp-block-image\"><img src=\"http:\/\/kongresmakroekonomiczny.pl\/assets\/img\/loga\/gazeta_sgh.png\" alt=\"\"\/><\/figure>\n\n\n\n<figure class=\"wp-block-image\"><img src=\"http:\/\/kongresmakroekonomiczny.pl\/assets\/img\/loga\/pap_biznes.png\" alt=\"\"\/><\/figure>\n\n\n\n<figure class=\"wp-block-image\"><img src=\"http:\/\/kongresmakroekonomiczny.pl\/assets\/img\/loga\/bankier.png\" alt=\"\"\/><\/figure>\n\n\n\n<figure class=\"wp-block-image\"><img src=\"http:\/\/kongresmakroekonomiczny.pl\/assets\/img\/loga\/magiel.png\" alt=\"\"\/><\/figure>\n\n\n\n<figure class=\"wp-block-image\"><img src=\"http:\/\/kongresmakroekonomiczny.pl\/assets\/img\/loga\/sghtv.png\" alt=\"\"\/><\/figure>\n\n\n\n<figure class=\"wp-block-image\"><img src=\"http:\/\/kongresmakroekonomiczny.pl\/assets\/img\/loga\/euractiv.png\" alt=\"\"\/><\/figure>\n\n\n\n<figure class=\"wp-block-image\"><img src=\"http:\/\/kongresmakroekonomiczny.pl\/assets\/img\/loga\/trend.png\" alt=\"\"\/><\/figure>\n\n\n\n<figure class=\"wp-block-image\"><img src=\"http:\/\/kongresmakroekonomiczny.pl\/assets\/img\/loga\/obserwator_fin.png\" alt=\"\"\/><\/figure>\n\n\n\n<figure class=\"wp-block-image\"><img src=\"http:\/\/kongresmakroekonomiczny.pl\/assets\/img\/loga\/dlastudenta.png\" alt=\"\"\/><\/figure>\n\n\n\n<figure class=\"wp-block-image\"><img src=\"http:\/\/kongresmakroekonomiczny.pl\/assets\/img\/loga\/tozalezy.png\" alt=\"\"\/><\/figure>\n\n\n\n<figure class=\"wp-block-image\"><img src=\"http:\/\/kongresmakroekonomiczny.pl\/assets\/img\/loga\/kampus.png\" alt=\"\"\/><\/figure>\n\n\n\n<figure class=\"wp-block-image\"><img src=\"http:\/\/kongresmakroekonomiczny.pl\/assets\/img\/loga\/pwn.png\" alt=\"\"\/><\/figure>\n\n\n\n<p><\/p>\n","protected":false},"excerpt":{"rendered":"<p>W dniach 25-26 listopada w Szkole G\u0142\u00f3wnej Handlowej w Warszawie odby\u0142 si\u0119 III Kongres Makroekonomiczny. Tegoroczna edycja wydarzenia zosta\u0142a zorganizowana przez Studenckie Ko\u0142o Naukowe Finans\u00f3w i Makroekonomii (SKN FM) oraz Instytut Studi\u00f3w Ekonomiczno-Spo\u0142ecznych (ISES) we wsp\u00f3\u0142pracy z firm\u0105 doradztwa strategicznego McKinsey &amp; Company. Projekt zosta\u0142 obj\u0119ty wysokim patronatem Parlamentu Europejskiego oraz JM Rektora SGH prof.&hellip;&nbsp;<a href=\"https:\/\/www.kongresmakroekonomiczny.pl\/index.php\/iv-kongres-makroekonomiczny\/\" class=\"\" rel=\"bookmark\">Czytaj wi\u0119cej &raquo;<span class=\"screen-reader-text\">IV KONGRES MAKROEKONOMICZNY<\/span><\/a><\/p>\n","protected":false},"author":1,"featured_media":0,"parent":0,"menu_order":0,"comment_status":"closed","ping_status":"closed","template":"","meta":[],"_links":{"self":[{"href":"https:\/\/www.kongresmakroekonomiczny.pl\/index.php\/wp-json\/wp\/v2\/pages\/703"}],"collection":[{"href":"https:\/\/www.kongresmakroekonomiczny.pl\/index.php\/wp-json\/wp\/v2\/pages"}],"about":[{"href":"https:\/\/www.kongresmakroekonomiczny.pl\/index.php\/wp-json\/wp\/v2\/types\/page"}],"author":[{"embeddable":true,"href":"https:\/\/www.kongresmakroekonomiczny.pl\/index.php\/wp-json\/wp\/v2\/users\/1"}],"replies":[{"embeddable":true,"href":"https:\/\/www.kongresmakroekonomiczny.pl\/index.php\/wp-json\/wp\/v2\/comments?post=703"}],"version-history":[{"count":1,"href":"https:\/\/www.kongresmakroekonomiczny.pl\/index.php\/wp-json\/wp\/v2\/pages\/703\/revisions"}],"predecessor-version":[{"id":704,"href":"https:\/\/www.kongresmakroekonomiczny.pl\/index.php\/wp-json\/wp\/v2\/pages\/703\/revisions\/704"}],"wp:attachment":[{"href":"https:\/\/www.kongresmakroekonomiczny.pl\/index.php\/wp-json\/wp\/v2\/media?parent=703"}],"curies":[{"name":"wp","href":"https:\/\/api.w.org\/{rel}","templated":true}]}}